at is the hundreds digit of 1832?
8
What is the hundreds digit of 47235?
2
What is the tens digit of 3096?
9
What is the tens digit of 766?
6
What is the hundreds digit of 917?
9
What is the tens digit of 757?
5
What is the hundreds digit of 3403?
4
What is the tens digit of 2315?
1
What is the hundreds digit of 21115?
1
What is the tens digit of 14843?
4
What is the ten thousands digit of 26837?
2
What is the units digit of 10091?
1
What is the units digit of 79433?
3
What is the thousands digit of 73734?
3
What is the thousands digit of 57303?
7
What is the hundreds digit of 764?
7
What is the hundreds digit of 5144?
1
What is the tens digit of 22435?
3
What is the hundreds digit of 14343?
3
What is the tens digit of 6048?
4
What is the tens digit of 1781?
8
What is the tens digit of 1872?
7
What is the tens digit of 738?
3
What is the hundreds digit of 988?
9
What is the ten thousands digit of 20871?
2
What is the ten thousands digit of 15103?
1
What is the tens digit of 119906?
0
What is the thousands digit of 11282?
1
What is the hundreds digit of 1661?
6
What is the tens digit of 14?
1
What is the units digit of 2226?
6
What is the thousands digit of 3586?
3
What is the tens digit of 898?
9
What is the tens digit of 2875?
7
What is the tens digit of 11?
1
What is the hundreds digit of 4246?
2
What is the tens digit of 10029?
2
What is the units digit of 44873?
3
What is the hundreds digit of 1028?
0
What is the thousands digit of 8675?
8
What is the tens digit of 14111?
1
What is the thousands digit of 13253?
3
What is the thousands digit of 4595?
4
What is the tens digit of 741?
4
What is the hundreds digit of 8478?
4
What is the hundreds digit of 20562?
5
What is the hundreds digit of 73895?
8
What is the hundreds digit of 2961?
9
What is the hundreds digit of 3271?
2
What is the ten thousands digit of 52267?
5
What is the hundreds digit of 39992?
9
What is the tens digit of 2645?
4
What is the thousands digit of 49170?
9
What is the hundreds digit of 3316?
3
What is the tens digit of 5900?
0
What is the hundreds digit of 6721?
7
What is the units digit of 2099?
9
What is the units digit of 3136?
6
What is the thousands digit of 64209?
4
What is the ten thousands digit of 11279?
1
What is the units digit of 2567?
7
What is the tens digit of 23678?
7
What is the hundreds digit of 25832?
8
What is the thousands digit of 1547?
1
What is the units digit of 3070?
0
What is the units digit of 9242?
2
What is the units digit of 10885?
5
What is the hundreds digit of 4292?
2
What is the thousands digit of 3162?
3
What is the thousands digit of 28898?
8
What is the ten thousands digit of 87874?
8
What is the units digit of 604?
4
What is the tens digit of 2492?
9
What is the tens digit of 1017?
1
What is the hundreds digit of 168?
1
What is the tens digit of 11?
1
What is the tens digit of 679?
7
What is the thousands digit of 64352?
4
What is the thousands digit of 2638?
2
What is the hundreds digit of 6459?
4
What is the hundreds digit of 7369?
3
What is the ten thousands digit of 29708?
2
What is the units digit of 224?
4
What is the units digit of 1263?
3
What is the tens digit of 412?
1
What is the hundreds digit of 321?
3
What is the units digit of 1263?
3
What is the ten thousands digit of 21453?
2
What is the thousands digit of 10103?
0
What is the units digit of 8821?
1
What is the tens digit of 2069?
6
What is the tens digit of 1547?
4
What is the hundreds digit of 2707?
7
What is the units digit of 4501?
1
What is the ten thousands digit of 10731?
1
What is the hundreds digit of 37838?
8
What is the tens digit of 15752?
5
What is the units digit of 100803?
3
What is the hundreds digit of 6693?
6
What is the tens digit of 1637?
3
What is the units digit of 3428?
8
What is the hundreds digit of 9021?
0
What is the thousands digit of 35106?
5
What is the thousands digit of 11647?
1
What is the thousands digit of 102192?
2
What is the tens digit of 626?
2
What is the hundreds digit of 602?
6
What is the hundreds digit of 325?
3
What is the units digit of 3069?
9
What is the tens digit of 357?
5
What is the thousands digit of 11200?
1
What is the tens digit of 3128?
2
What is the thousands digit of 4667?
4
What is the units digit of 142?
2
What is the ten thousands digit of 11595?
1
What is the units digit of 7996?
6
What is the units digit of 1117?
7
What is the units digit of 166?
6
What is the units digit of 1096?
6
What is the hundreds digit of 2724?
7
What is the tens digit of 266?
6
What is the hundreds digit of 664?
6
What is the hundreds digit of 973?
9
What is the tens digit of 741?
4
What is the units digit of 22451?
1
What is the units digit of 945?
5
What is the units digit of 1663?
3
What is the ten thousands digit of 11731?
1
What is the tens digit of 5894?
9
What is the thousands digit of 43721?
3
What is the tens digit of 3238?
3
What is the thousands digit of 1898?
1
What is the units digit of 6087?
7
What is the units digit of 1565?
5
What is the tens digit of 5088?
8
What is the hundreds digit of 3372?
3
What is the thousands digit of 10537?
0
What is the units digit of 3354?
4
What is the units digit of 535?
5
What is the thousands digit of 17682?
7
What is the hundreds digit of 2101?
1
What is the units digit of 689?
9
What is the units digit of 909?
9
What is the units digit of 1043?
3
What is the units digit of 323?
3
What is the thousands digit of 12117?
2
What is the ten thousands digit of 10678?
1
What is the tens digit of 130?
3
What is the tens digit of 2034?
3
What is the tens digit of 639?
3
What is the ten thousands digit of 113577?
1
What is the hundreds digit of 69453?
4
What is the units digit of 2558?
8
What is the units digit of 715?
5
What is the units digit of 2286?
6
What is the hundreds digit of 5696?
6
What is the hundred thousands digit of 127761?
1
What is the thousands digit of 21322?
1
What is the ten thousands digit of 10084?
1
What is the units digit of 6394?
4
What is the units digit of 319?
9
What is the thousands digit of 59782?
9
What is the units digit of 2260?
0
What is the units digit of 534?
4
What is the hundred thousands digit of 105368?
1
What is the hundreds digit of 4549?
5
What is the hundreds digit of 255?
2
What is the tens digit of 2247?
4
What is the units digit of 61?
1
What is the thousands digit of 5583?
5
What is the thousands digit of 74274?
4
What is the tens digit of 33538?
3
What is the hundreds digit of 21575?
5
What is the units digit of 13536?
6
What is the hundreds digit of 6073?
0
What is the units digit of 2411?
1
What is the tens digit of 10295?
9
What is the ten thousands digit of 120090?
2
What is the hundreds digit of 5897?
8
What is the units digit of 975?
5
What is the units digit of 3256?
6
What is the hundreds digit of 7425?
4
What is the tens digit of 1326?
2
What is the tens digit of 3771?
7
What is the thousands digit of 3174?
3
What is the units digit of 3389?
9
What is the thousands digit of 22941?
2
What is the units digit of 3482?
2
What is the tens digit of 3268?
6
What is the tens digit of 279?
7
What is the units digit of 1488?
8
What is the tens digit of 2922?
2
What is the thousands digit of 2812?
2
What is the hundreds digit of 15693?
6
What is the tens digit of 1549?
4
What is the hundreds digit of 6793?
7
What is the units digit of 2290?
0
What is the units digit of 3413?
3
What is the units digit of 127824?
4
What is the units digit of 4921?
1
What is the tens digit of 15?
1
What is the units digit of 83?
3
What is the thousands digit of 4820?
4
What is the units digit of 1458?
8
What is the hundreds digit of 57602?
6
What is the tens digit of 13514?
1
What is the hundreds digit of 967?
9
What is the tens digit of 37003?
0
What is the ten thousands digit of 89647?
8
What is the units digit of 29423?
3
What is the tens digit of 23796?
9
What is the hundreds digit of 206?
2
What is the hundreds digit of 4825?
8
What is the tens digit of 394?
9
What is the tens digit of 6246?
4
What is the units digit of 650?
0
What is the ten thousands digit of 63743?
6
What is the tens digit of 765?
6
What is the thousands digit of 50171?
0
What is the thousands digit of 25710?
5
What is the units digit of 227?
7
What is the hundreds digit of 3077?
0